t is the greatest common divisor of 123125441 and 68?
17
Calculate the highest common divisor of 1648404 and 2052.
108
Calculate the highest common factor of 2981 and 7588823.
11
Calculate the highest common divisor of 137497518 and 738.
738
Calculate the highest common divisor of 6 and 103224.
6
Calculate the highest common divisor of 1736 and 767424.
56
What is the greatest common factor of 17541 and 34840324?
1949
Calculate the greatest common factor of 10165952 and 576.
64
Calculate the greatest common factor of 7913955 and 2562.
21
What is the highest common factor of 14724 and 1566?
18
Calculate the greatest common factor of 437 and 494638.
23
What is the greatest common divisor of 39008 and 116641234?
2438
Calculate the highest common divisor of 9800 and 135950.
50
Calculate the highest common factor of 1166 and 2654608.
22
What is the greatest common factor of 94758 and 1435888?
34
Calculate the highest common divisor of 309 and 209651865.
309
Calculate the highest common factor of 5956323 and 21.
3
What is the highest common divisor of 112 and 1767164?
28
What is the highest common factor of 3763518 and 858?
66
What is the highest common factor of 11628 and 14801679?
153
Calculate the greatest common divisor of 4383072 and 2040147.
7209
What is the greatest common factor of 4494722 and 28274?
422
Calculate the greatest common factor of 22800 and 5605152.
912
What is the greatest common factor of 26 and 50072607?
13
What is the greatest common divisor of 154830718 and 1996?
998
What is the greatest common factor of 107250313 and 274?
137
What is the greatest common divisor of 10713324 and 12?
12
Calculate the highest common factor of 486 and 2640708.
54
What is the highest common factor of 3050 and 445?
5
What is the highest common divisor of 684023181 and 148?
37
What is the greatest common factor of 1134141 and 77100?
771
Calculate the greatest common factor of 41866 and 212311.
11
Calculate the highest common divisor of 246 and 19142367.
123
Calculate the highest common divisor of 649024991 and 254.
127
What is the greatest common factor of 298783 and 85003?
509
Calculate the greatest common divisor of 928115 and 110105.
305
What is the highest common divisor of 1197 and 179949?
399
What is the highest common divisor of 2 and 921586?
2
Calculate the greatest common factor of 1462 and 3935330.
34
Calculate the highest common divisor of 17180 and 182940.
20
Calculate the greatest common factor of 1280 and 248640.
320
Calculate the greatest common divisor of 8279034 and 408.
102
Calculate the greatest common divisor of 83457 and 30591.
297
What is the greatest common divisor of 292168 and 2522840?
472
Calculate the highest common divisor of 2836048 and 240.
16
Calculate the highest common divisor of 138 and 4834938.
6
Calculate the highest common divisor of 240 and 34115205.
15
What is the greatest common factor of 32 and 44211120?
16
Calculate the greatest common factor of 15463500 and 267696.
2028
What is the greatest common factor of 246380277 and 66?
33
What is the greatest common factor of 78355 and 1195?
5
Calculate the greatest common divisor of 802883 and 114.
19
Calculate the greatest common factor of 94 and 101137514.
94
Calculate the highest common divisor of 1504963 and 4687.
109
Calculate the greatest common factor of 351 and 111111.
39
Calculate the greatest common divisor of 11208 and 289013224.
3736
What is the greatest common divisor of 6249625 and 1156?
289
Calculate the highest common divisor of 4596 and 499273821.
1149
What is the highest common factor of 48398220 and 2960?
740
Calculate the greatest common factor of 117149 and 61814.
31
Calculate the greatest common divisor of 1017 and 16998025.
113
Calculate the highest common factor of 10844025 and 109825.
4775
Calculate the greatest common factor of 94530636 and 54.
18
What is the highest common divisor of 834734 and 256598?
34
What is the highest common divisor of 507 and 10586277?
39
Calculate the highest common divisor of 11668 and 263933077.
2917
What is the highest common factor of 220 and 71405510?
110
What is the highest common divisor of 495 and 299581755?
165
What is the highest common factor of 20 and 18297698?
2
Calculate the greatest common divisor of 73848 and 11225982.
1086
What is the greatest common factor of 45 and 8355789?
9
What is the greatest common divisor of 253315 and 13937566?
1747
What is the greatest common divisor of 645708 and 119?
7
Calculate the highest common divisor of 46688 and 2897574.
2918
Calculate the greatest common divisor of 2691 and 1129440.
39
What is the greatest common divisor of 586424 and 668?
4
What is the highest common factor of 12150 and 550650?
150
Calculate the greatest common divisor of 479716 and 194.
2
What is the highest common divisor of 502226 and 31106?
302
Calculate the highest common divisor of 64308 and 7303152.
2796
What is the greatest common factor of 500 and 8545125?
125
What is the greatest common factor of 27976587 and 268?
67
What is the greatest common divisor of 283496922 and 243?
243
Calculate the greatest common divisor of 1088 and 46404832.
544
Calculate the greatest common divisor of 2607039 and 225.
9
What is the highest common divisor of 50 and 43266425?
25
What is the highest common factor of 11 and 146891822?
11
What is the greatest common factor of 4780 and 1019420?
20
What is the greatest common divisor of 7252 and 423723482?
3626
What is the greatest common divisor of 3047 and 6611341?
11
Calculate the greatest common divisor of 49 and 1556387.
49
What is the highest common factor of 258777563 and 14183?
1091
What is the highest common divisor of 89 and 336275?
1
What is the greatest common factor of 2225062 and 81634?
238
What is the highest common factor of 183000 and 21350?
3050
What is the greatest common divisor of 22971 and 32243874?
741
What is the greatest common factor of 42 and 318351243?
21
What is the greatest common divisor of 1014 and 399658298?
338
Calculate the highest common divisor of 304765039 and 14077.
2011
Calculate the greatest common factor of 3329687 and 687143.
2039
What is the greatest common divisor of 3624 and 91278141?
453
What is the highest common divisor of 67771425 and 849?
849
Calculate the highest common factor of 122210 and 5770534.
2222
Calculate the highest common divisor of 8313 and 154103623.
2771
What is the greatest common divisor of 229088088 and 648?
648
Calculate the highest common factor of 96 and 963248184.
24
Calculate the greatest common factor of 66836000 and 105350.
2450
What is the highest common factor of 23196858 and 24?
6
Calculate the highest common factor of 16110850 and 45549.
1687
What is the highest common divisor of 151470272 and 544?
544
Calculate the greatest common factor of 55448598 and 24.
6
What is the highest common divisor of 163200 and 25500?
5100
What is the highest common factor of 29 and 1095473521?
29
Calculate the greatest common divisor of 39875 and 116750.
125
Calculate the greatest common divisor of 175400 and 399400.
200
Calculate the greatest common divisor of 15810 and 520710.
510
What is the greatest common factor of 240 and 8816295?
15
Calculate the highest common factor of 20527 and 715.
13
What is the highest common factor of 776037 and 210293?
1861
What is the greatest common factor of 214424 and 19698?
98
What is the highest common factor of 36992 and 2467193?
289
Calculate the highest common factor of 2261721 and 714.
21
What is the greatest common divisor of 1214810 and 2485?
355
What is the highest common factor of 24 and 5330218?
2
What is the greatest common divisor of 316686336 and 1088?
1088
Calculate the highest common divisor of 74052 and 33048.
612
Calculate the greatest common factor of 24 and 33252216.
24
Calculate the highest common divisor of 843705 and 225.
45
Calculate the highest common factor of 1518 and 2291586.
66
Calculate the highest common factor of 794 and 821393.
397
Calculate the highest common factor of 60 and 117602070.
30
What is the greatest common factor of 17 and 245400661?
17
What is the highest common divisor of 22848611 and 3101?
443
Calculate the greatest common divisor of 78933584 and 136.
136
What is the highest common factor of 538817030 and 20?
10
Ca